digit of h?
8
Suppose -9*q + 481 = -185. What is the tens digit of q?
7
Let x(h) = -4*h + 1. Let t(r) be the first derivative of -6*r**2 + 3*r + 2. Let c(d) = -4*t(d) + 11*x(d). What is the units digit of c(1)?
3
Let x = 163 + -62. What is the units digit of x?
1
Suppose 0 = q + 2*i, 3*q + i + 11 = 1. Let k = -1 - q. Suppose 2*m + 0*u - u - 15 = 0, -u = -k. What is the units digit of m?
9
Suppose l + 1 = 3. Suppose -4*r = 3*i - 20, l*r - i = 3*i - 12. What is the tens digit of -2*(-8 + r/(-1))?
2
Let y = -3 - -17. Let t = 20 - y. Let k(u) = -u**2 + 9*u - 7. What is the units digit of k(t)?
1
Suppose -5*c + 14 + 6 = 0. Let s(h) = 4*h - 8 - c*h - 2*h. What is the units digit of s(-6)?
4
Let w(m) = 22*m - 92. What is the units digit of w(12)?
2
Let r(w) = -w**3 + 6*w**2 - 4. Let q be r(6). Let j = q - -4. Suppose 5*b = -j*b + 35. What is the units digit of b?
7
Let u = -3 - -5. Suppose u*v - 3*i - 12 = -0*v, -5*i = -5*v + 40. Suppose -2*k - 2*t + v = -t, 4*k = -t + 20. What is the units digit of k?
4
Let p be 2/(2/(-5))*3. What is the tens digit of ((-11)/5)/(3/p)?
1
Let h = 44 + -29. What is the tens digit of h?
1
Suppose 0 = 5*u + o - 636, -3*u + 4*u - 126 = o. What is the hundreds digit of u?
1
Let d(l) be the second derivative of -1/2*l**3 - l - 1/2*l**2 + 0. What is the units digit of d(-4)?
1
Let q(o) = o**2 + o - 3. Let n be q(-3). Suppose k = -n*k. Suppose 0 = -k*g + 2*g - 16. What is the units digit of g?
8
Let r = 33 + 9. Suppose r = -3*b + 135. What is the units digit of b?
1
Let x = 311 - 222. What is the tens digit of x?
8
Suppose 0 = v - 0 + 5. Let i(j) = -j**3 - 4*j**2 + 2*j. What is the tens digit of i(v)?
1
Suppose -5*l - 2*c + 21 = -5*c, 5*c = -2*l - 4. Let h = -1 + l. Suppose -12 = -n - h*w, 0 = -5*w + 9 + 6. What is the units digit of n?
6
Let m(k) = k**2 + k + 3. What is the units digit of m(-2)?
5
Let b be 20/2 - 0/4. Let w(z) = 6*z - z**2 - 6*z + b. What is the units digit of w(0)?
0
Suppose 4*d = 7*d - 255. What is the tens digit of d?
8
Suppose 3*g - 2*x = -13 - 5, 2*g = -5*x + 7. Let f be (-1 + -1)/(g/58). Suppose 5*b - 40 = -5*m, 4*b - f = -6*m + 3*m. What is the units digit of m?
3
Let b = 208 + -123. What is the tens digit of b?
8
Let i be (2 + -18)/(3/(-12)). Suppose -2*y - 3*b = -55, -4 + i = 2*y + 4*b. What is the units digit of y?
0
Let p(d) be the second derivative of d**4/12 - d**3/3 + 2*d**2 + 7*d. What is the units digit of p(3)?
7
Let t(h) = -7*h - 4. Let r be t(-4). Suppose 4*q + r = 4*o, -4*o - o = 2*q - 58. Let l = 10 + o. What is the tens digit of l?
2
Suppose 0 = a + 2*a - 2*b - 5, 4*a - b = 5. Suppose 0 = -j + a. Suppose w = -4*x + j, -8 = 2*x - x + 3*w. What is the units digit of x?
1
Let c = -84 + 128. What is the units digit of c?
4
Let q = -129 - -189. Let h = -42 + q. What is the tens digit of h?
1
Suppose 4*p + 136 = 3*j - p, 3*j = -p + 142. What is the tens digit of j?
4
Let n be 150/9*9/6. Let r = 36 - n. What is the tens digit of r?
1
Let p = 92 + -36. What is the tens digit of p?
5
Let v be 4/10 + (-26)/(-10). Suppose -81 = -v*b - 24. What is the units digit of b?
9
Let a = 1 - -11. What is the tens digit of a?
1
Suppose 274 = 4*r + 22. What is the tens digit of r?
6
Let z(u) = -u**2 - 10*u. Let g be z(-7). What is the units digit of 144/42 + (-9)/g?
3
Let w = 5 + -3. Suppose -w*y + 22 = 2. Suppose 3*t - 14 = y. What is the units digit of t?
8
Let t = 123 - 59. What is the units digit of t?
4
Suppose 5*w = 5*v - 20, -7*v + 2*w = -2*v - 14. What is the units digit of v?
2
Let h = -15 + 20. Suppose 0 = t - 2*q - 9, -h*t + 97 = q + 2*q. What is the tens digit of t?
1
Suppose -52 - 53 = 3*r. What is the tens digit of r/(-2) + (-1)/(-2)?
1
Let a = -4 + 8. Suppose 3*n + 2*n = 4*c - 123, -3*c + 98 = -a*n. Let o = n - -35. What is the tens digit of o?
1
Let h(c) = -c**3 + 7*c**2 + 2*c - 12. Let r be h(5). Let n = r - 34. What is the tens digit of n?
1
Let x be 0/((-3)/3) + 3. What is the units digit of 22 - ((-5)/1 + x)?
4
Let x(u) = -9*u - 8. What is the units digit of x(-8)?
4
Let o(r) = -r**3 - 9*r**2 - 11*r + 5. What is the tens digit of o(-8)?
2
Let m(y) = 2*y**2 + 17*y. What is the units digit of m(-10)?
0
Let l = 3 - -1. Suppose -14 = -5*m + l*n, -5*m + 0*m = 4*n - 6. Suppose -y = 5*v - 22, -2*v - m*y = y - 1. What is the units digit of v?
5
Suppose 72 = v + 10. What is the tens digit of v?
6
Suppose 2*z = 5*t + 5 + 3, 3*t = -12. Let j(a) = a**2 - a - 10. Let w be j(0). Let g = z - w. What is the units digit of g?
4
Let o(q) = -q**2 - 16*q + 21. What is the units digit of o(-16)?
1
Suppose 2*w - 3*m + 0*m = 71, 4*w + m - 177 = 0. What is the units digit of w?
3
Suppose 3*p + 3 = -5*c - 1, -6 = p + 4*c. Suppose -4*v + 4*r = -r - 14, -p*r = 3*v + 1. Let y(j) = 2*j**2 - j + 1. What is the units digit of y(v)?
2
Suppose -q - 50 - 78 = -5*y, -5*q - 42 = -2*y. What is the units digit of y?
6
Let s(o) = o**2 + 7*o - 7. Let a be (1/(-2))/(4/(-128)). Suppose 2*j = 2*w + a, -4*w + 3*j - 21 = 12. What is the units digit of s(w)?
1
Let h = 2 - -3. Suppose 0 = -j - 3*s - 21, h*j + 6*s - s = -55. What is the units digit of (-14)/j + 2/(-6)?
2
Let a(b) = -2*b + 55. What is the units digit of a(0)?
5
Let u = 36 - 12. What is the tens digit of ((-27)/12)/((-3)/u)?
1
Let b(x) be the third derivative of -x**6/120 - 2*x**5/15 - 3*x**4/8 + x**2. What is the units digit of b(-7)?
4
Let l(v) = -v**3 + 10*v**2 - v + 13. Let r be l(10). Let h(w) = -w - r*w + 4*w + w + 31. What is the tens digit of h(-14)?
1
Let c(u) be the second derivative of -7*u**3/6 - u**2 - 2*u. Let a be c(-2). Suppose -2*y = 2*y - a. What is the units digit of y?
3
What is the units digit of 1*(-4 - -3 - -4)?
3
Let u(y) = -y**2 + 5*y + 8. What is the units digit of u(6)?
2
Let q(g) = 9*g - 30. What is the tens digit of q(10)?
6
Suppose 0 = -v - 3*v. Suppose v = -3*m + 5 + 7. What is the units digit of m?
4
Suppose 5*c - 36 = -b, 4*c = 3*c + 4*b + 24. Let o = c + -5. What is the units digit of o?
3
Suppose 0 = -z + 3*s + 94, -3*s + 7 = 19. What is the tens digit of z?
8
Let v(w) = w - 5. Let o be v(8). Suppose 0 = -4*z - 3*u + 107, u = -2*u + o. Suppose -3 + z = 2*l + 5*s, -l + s + 1 = 0. What is the units digit of l?
4
Suppose -5*a + 0*o - 17 = 4*o, 4 = -a - o. Let q be 16/6*3/a. Let k(m) = m**3 + 8*m**2 + m + 9. What is the units digit of k(q)?
1
Let k = 117 + -74. What is the tens digit of k?
4
What is the tens digit of (4676/3)/7 - (-2)/(-3)?
2
What is the units digit of -3 + (0 - -4) - -24?
5
Let f(w) = -4 - 5*w**2 - 5 + w**3 + w + w + 3. What is the tens digit of f(6)?
4
Let t = -1 + 2. Suppose w = t - 6. Let q = w - -9. What is the units digit of q?
4
Let p = -10 + 15. Suppose g + k = 32, p*g - 140 = 3*k + 2*k. Suppose 3*s = -2*s + g. What is the units digit of s?
6
Suppose -2*b + 52 = -14. What is the tens digit of b?
3
Suppose -4*r = -2*i + 54, -r + 0*r + 4 = 0. What is the units digit of i?
5
Suppose 6*u = 3*u - 54. Let k = u - -26. What is the units digit of k?
8
Let q = 12 + -10. What is the units digit of ((-3)/q)/(6/(-80))?
0
Let j(x) = x**2 + x - 2. Let n be j(-2). Suppose -5*q - 1 + 6 = n. Let d(w) = 4*w**3 + w**2 - 2*w + 1. What is the units digit of d(q)?
4
Suppose -k - 2*k = -99. What is the units digit of k?
3
Let f(o) = -4*o. Let u be f(-5). What is the units digit of (15 + -1)/(10/u)?
8
Suppose -4*d = 3*g - 5, 0 = -3*g + 3*d + 12. Suppose -t = g*t - 60. What is the units digit of t?
5
Suppose -4*z + 176 = -2*z. Let n = z + -43. Let t = n + -30. What is the tens digit of t?
1
What is the units digit of (-78)/(-5)*5/1?
8
Let a be 4 + (-2 + 0 - -4). Let l be a/4 - (-9)/(-6). Suppose -13 = -s - l. What is the tens digit of s?
1
Suppose u = -58 + 187. What is the units digit of u?
9
Let p(z) = z**2 - 1. Let c(r) = -r**2 + 7. Let b(g) = c(g) + 5*p(g). What is the units digit of b(-2)?
8
Suppose 3*y - 16 = -4*h, -2*y + 5*h = -y - 18. Suppose y - 4 = 4*v. What is the units digit of v?
1
Let f(u) = u + 2. What is the units digit of f(3)?
5
Let l = 3 + -6. Let d = -1 - l. Suppose -3*g - 5*v = -v - 30, 3*g - d*v - 12 = 0. What is the units digit of g?
6
Let t = -1 + 8. Let d be 6/t*1*14. Suppose 2*i + 2 = d. What is the units digit of i?
5
Let m(r) = 2*r**2 - 4. Let j(a) = a**2 - 8*a + 4. Let g be j(7). Let l be m(g). Let z = l - 6